{"id":262,"date":"2023-11-18T23:40:17","date_gmt":"2023-11-18T23:40:17","guid":{"rendered":"https:\/\/web8.infopaginaswebhost.com\/cortinasjfpr\/?page_id=262"},"modified":"2023-11-18T23:42:24","modified_gmt":"2023-11-18T23:42:24","slug":"gracias","status":"publish","type":"page","link":"https:\/\/cortinasjfpr.com\/en\/gracias\/","title":{"rendered":"Gracias"},"content":{"rendered":"<div data-elementor-type=\"wp-page\" data-elementor-id=\"262\" class=\"elementor elementor-262\" data-elementor-settings=\"{&quot;ha_cmc_init_switcher&quot;:&quot;no&quot;}\">\n\t\t\t\t<div class=\"elementor-element elementor-element-6c2dfed e-con-full e-flex e-con e-parent\" data-id=\"6c2dfed\" data-element_type=\"container\" data-e-type=\"container\" data-settings=\"{&quot;background_background&quot;:&quot;classic&quot;,&quot;jet_parallax_layout_list&quot;:[],&quot;_ha_eqh_enable&quot;:false}\">\n\t\t<div class=\"elementor-element elementor-element-f0f8816 e-con-full e-flex e-con e-child\" data-id=\"f0f8816\" data-element_type=\"container\" data-e-type=\"container\" data-settings=\"{&quot;background_background&quot;:&quot;classic&quot;,&quot;jet_parallax_layout_list&quot;:[],&quot;_ha_eqh_enable&quot;:false}\">\n\t\t\t\t<div class=\"elementor-element elementor-element-2e6e25f elementor-widget elementor-widget-heading\" data-id=\"2e6e25f\" data-element_type=\"widget\" data-e-type=\"widget\" data-widget_type=\"heading.default\">\n\t\t\t\t<div class=\"elementor-widget-container\">\n\t\t\t\t\t<h2 class=\"elementor-heading-title elementor-size-default\">Thank you for contacting us!<\/h2>\t\t\t\t<\/div>\n\t\t\t\t<\/div>\n\t\t\t\t<div class=\"elementor-element elementor-element-680339e elementor-widget elementor-widget-heading\" data-id=\"680339e\" data-element_type=\"widget\" data-e-type=\"widget\" data-widget_type=\"heading.default\">\n\t\t\t\t<div class=\"elementor-widget-container\">\n\t\t\t\t\t<h2 class=\"elementor-heading-title elementor-size-default\">Our team will carefully review your message and get in touch with you as soon as possible.<\/h2>\t\t\t\t<\/div>\n\t\t\t\t<\/div>\n\t\t\t\t<div class=\"elementor-element elementor-element-28bc3c8 premium-lq__none elementor-widget elementor-widget-premium-addon-button\" data-id=\"28bc3c8\" data-element_type=\"widget\" data-e-type=\"widget\" data-widget_type=\"premium-addon-button.default\">\n\t\t\t\t<div class=\"elementor-widget-container\">\n\t\t\t\t\t\n\n\t\t<a class=\"premium-button premium-button-none premium-btn-lg premium-button-none\" href=\"mailto:cortinasjfpr@gmail.com\">\n\t\t\t<div class=\"premium-button-text-icon-wrapper\">\n\t\t\t\t\n\t\t\t\t\t\t\t\t\t<span >\n\t\t\t\t\t\tSee products\t\t\t\t\t<\/span>\n\t\t\t\t\t\t\t<\/div>\n\n\t\t\t\n\t\t\t\n\t\t\t\n\t\t<\/a>\n\n\n\t\t\t\t\t\t<\/div>\n\t\t\t\t<\/div>\n\t\t\t\t<\/div>\n\t\t\t\t<\/div>\n\t\t\t\t<\/div>","protected":false},"excerpt":{"rendered":"<p>Gracias por contactarnos Nuestro equipo revisar\u00c3\u00a1 tu mensaje cuidadosamente y nos pondremos en contacto contigo lo antes posible. Consultar productos<\/p>","protected":false},"author":1,"featured_media":0,"parent":0,"menu_order":0,"comment_status":"closed","ping_status":"closed","template":"elementor_header_footer","meta":{"_joinchat":[],"footnotes":""},"class_list":["post-262","page","type-page","status-publish","hentry"],"yoast_head":"<!-- This site is optimized with the Yoast SEO plugin v27.4 - https:\/\/yoast.com\/product\/yoast-seo-wordpress\/ -->\n<title>Venta de cortinas en Puerto Rico - Compa\u00f1\u00eda de cortinas en Puerto Rico | Cortinas JF - Instalaci\u00f3n y Fabricaci\u00f3n.<\/title>\n<meta name=\"description\" content=\"En Cortinas JF estamos comprometidos con preservar tu privacidad sin dejar de lado la luminosidad que tu habitaci\u00f3n necesita. Puerto Rico.\" \/>\n<meta name=\"robots\" content=\"index, follow, max-snippet:-1, max-image-preview:large, max-video-preview:-1\" \/>\n<link rel=\"canonical\" href=\"https:\/\/cortinasjfpr.com\/en\/gracias\/\" \/>\n<meta property=\"og:locale\" content=\"en_US\" \/>\n<meta property=\"og:type\" content=\"article\" \/>\n<meta property=\"og:title\" content=\"Venta de cortinas en Puerto Rico - Compa\u00f1\u00eda de cortinas en Puerto Rico | Cortinas JF - Instalaci\u00f3n y Fabricaci\u00f3n.\" \/>\n<meta property=\"og:description\" content=\"En Cortinas JF estamos comprometidos con preservar tu privacidad sin dejar de lado la luminosidad que tu habitaci\u00f3n necesita. Puerto Rico.\" \/>\n<meta property=\"og:url\" content=\"https:\/\/cortinasjfpr.com\/en\/gracias\/\" \/>\n<meta property=\"og:site_name\" content=\"Compa\u00f1\u00eda de cortinas en Puerto Rico | Cortinas JF\" \/>\n<meta property=\"article:modified_time\" content=\"2023-11-18T23:42:24+00:00\" \/>\n<meta property=\"og:image\" content=\"https:\/\/cortinasjfpr.com\/wp-content\/uploads\/2023\/11\/cc5396_fa43dc02e2a948f1bf38ca358f087464mv2-1.png\" \/>\n\t<meta property=\"og:image:width\" content=\"619\" \/>\n\t<meta property=\"og:image:height\" content=\"606\" \/>\n\t<meta property=\"og:image:type\" content=\"image\/png\" \/>\n<meta name=\"twitter:card\" content=\"summary_large_image\" \/>\n<meta name=\"twitter:label1\" content=\"Est. reading time\" \/>\n\t<meta name=\"twitter:data1\" content=\"1 minute\" \/>\n<script type=\"application\/ld+json\" class=\"yoast-schema-graph\">{\"@context\":\"https:\\\/\\\/schema.org\",\"@graph\":[{\"@type\":\"WebPage\",\"@id\":\"https:\\\/\\\/cortinasjfpr.com\\\/en\\\/gracias\\\/\",\"url\":\"https:\\\/\\\/cortinasjfpr.com\\\/en\\\/gracias\\\/\",\"name\":\"Venta de cortinas en Puerto Rico - Compa\u00f1\u00eda de cortinas en Puerto Rico | Cortinas JF - Instalaci\u00f3n y Fabricaci\u00f3n.\",\"isPartOf\":{\"@id\":\"https:\\\/\\\/cortinasjfpr.com\\\/#website\"},\"datePublished\":\"2023-11-18T23:40:17+00:00\",\"dateModified\":\"2023-11-18T23:42:24+00:00\",\"description\":\"En Cortinas JF estamos comprometidos con preservar tu privacidad sin dejar de lado la luminosidad que tu habitaci\u00f3n necesita. Puerto Rico.\",\"breadcrumb\":{\"@id\":\"https:\\\/\\\/cortinasjfpr.com\\\/en\\\/gracias\\\/#breadcrumb\"},\"inLanguage\":\"en-US\",\"potentialAction\":[{\"@type\":\"ReadAction\",\"target\":[\"https:\\\/\\\/cortinasjfpr.com\\\/en\\\/gracias\\\/\"]}]},{\"@type\":\"BreadcrumbList\",\"@id\":\"https:\\\/\\\/cortinasjfpr.com\\\/en\\\/gracias\\\/#breadcrumb\",\"itemListElement\":[{\"@type\":\"ListItem\",\"position\":1,\"name\":\"Home\",\"item\":\"https:\\\/\\\/cortinasjfpr.com\\\/\"},{\"@type\":\"ListItem\",\"position\":2,\"name\":\"Gracias\"}]},{\"@type\":\"WebSite\",\"@id\":\"https:\\\/\\\/cortinasjfpr.com\\\/#website\",\"url\":\"https:\\\/\\\/cortinasjfpr.com\\\/\",\"name\":\"Compa\u00f1\u00eda de cortinas en Puerto Rico | Cortinas JF\",\"description\":\"Cortinas JF, dedicados a la fabricaci\u00f3n e instalaci\u00f3n de cortinas, para interior y exterior. Operamos en toda la isla.  Cont\u00e1ctanos  78-79-43-72-66 y pide un estimado completamente gratis.\",\"publisher\":{\"@id\":\"https:\\\/\\\/cortinasjfpr.com\\\/#organization\"},\"potentialAction\":[{\"@type\":\"SearchAction\",\"target\":{\"@type\":\"EntryPoint\",\"urlTemplate\":\"https:\\\/\\\/cortinasjfpr.com\\\/?s={search_term_string}\"},\"query-input\":{\"@type\":\"PropertyValueSpecification\",\"valueRequired\":true,\"valueName\":\"search_term_string\"}}],\"inLanguage\":\"en-US\"},{\"@type\":\"Organization\",\"@id\":\"https:\\\/\\\/cortinasjfpr.com\\\/#organization\",\"name\":\"Compa\u00f1\u00eda de cortinas en Puerto Rico | Cortinas JF\",\"url\":\"https:\\\/\\\/cortinasjfpr.com\\\/\",\"logo\":{\"@type\":\"ImageObject\",\"inLanguage\":\"en-US\",\"@id\":\"https:\\\/\\\/cortinasjfpr.com\\\/#\\\/schema\\\/logo\\\/image\\\/\",\"url\":\"https:\\\/\\\/infomediapr-websites-wp.s3.amazonaws.com\\\/wp-content\\\/uploads\\\/sites\\\/42\\\/2024\\\/11\\\/19172205\\\/cc5396_55669bfc24b149539186ca075866d810mv2.jpg\",\"contentUrl\":\"https:\\\/\\\/infomediapr-websites-wp.s3.amazonaws.com\\\/wp-content\\\/uploads\\\/sites\\\/42\\\/2024\\\/11\\\/19172205\\\/cc5396_55669bfc24b149539186ca075866d810mv2.jpg\",\"width\":600,\"height\":115,\"caption\":\"Compa\u00f1\u00eda de cortinas en Puerto Rico | Cortinas JF\"},\"image\":{\"@id\":\"https:\\\/\\\/cortinasjfpr.com\\\/#\\\/schema\\\/logo\\\/image\\\/\"}}]}<\/script>\n<!-- \/ Yoast SEO plugin. -->","yoast_head_json":{"title":"Venta de cortinas en Puerto Rico - Compa\u00f1\u00eda de cortinas en Puerto Rico | Cortinas JF - Instalaci\u00f3n y Fabricaci\u00f3n.","description":"En Cortinas JF estamos comprometidos con preservar tu privacidad sin dejar de lado la luminosidad que tu habitaci\u00f3n necesita. Puerto Rico.","robots":{"index":"index","follow":"follow","max-snippet":"max-snippet:-1","max-image-preview":"max-image-preview:large","max-video-preview":"max-video-preview:-1"},"canonical":"https:\/\/cortinasjfpr.com\/en\/gracias\/","og_locale":"en_US","og_type":"article","og_title":"Venta de cortinas en Puerto Rico - Compa\u00f1\u00eda de cortinas en Puerto Rico | Cortinas JF - Instalaci\u00f3n y Fabricaci\u00f3n.","og_description":"En Cortinas JF estamos comprometidos con preservar tu privacidad sin dejar de lado la luminosidad que tu habitaci\u00f3n necesita. Puerto Rico.","og_url":"https:\/\/cortinasjfpr.com\/en\/gracias\/","og_site_name":"Compa\u00f1\u00eda de cortinas en Puerto Rico | Cortinas JF","article_modified_time":"2023-11-18T23:42:24+00:00","og_image":[{"width":619,"height":606,"url":"https:\/\/cortinasjfpr.com\/wp-content\/uploads\/2023\/11\/cc5396_fa43dc02e2a948f1bf38ca358f087464mv2-1.png","type":"image\/png"}],"twitter_card":"summary_large_image","twitter_misc":{"Est. reading time":"1 minute"},"schema":{"@context":"https:\/\/schema.org","@graph":[{"@type":"WebPage","@id":"https:\/\/cortinasjfpr.com\/en\/gracias\/","url":"https:\/\/cortinasjfpr.com\/en\/gracias\/","name":"Venta de cortinas en Puerto Rico - Compa\u00f1\u00eda de cortinas en Puerto Rico | Cortinas JF - Instalaci\u00f3n y Fabricaci\u00f3n.","isPartOf":{"@id":"https:\/\/cortinasjfpr.com\/#website"},"datePublished":"2023-11-18T23:40:17+00:00","dateModified":"2023-11-18T23:42:24+00:00","description":"En Cortinas JF estamos comprometidos con preservar tu privacidad sin dejar de lado la luminosidad que tu habitaci\u00f3n necesita. Puerto Rico.","breadcrumb":{"@id":"https:\/\/cortinasjfpr.com\/en\/gracias\/#breadcrumb"},"inLanguage":"en-US","potentialAction":[{"@type":"ReadAction","target":["https:\/\/cortinasjfpr.com\/en\/gracias\/"]}]},{"@type":"BreadcrumbList","@id":"https:\/\/cortinasjfpr.com\/en\/gracias\/#breadcrumb","itemListElement":[{"@type":"ListItem","position":1,"name":"Home","item":"https:\/\/cortinasjfpr.com\/"},{"@type":"ListItem","position":2,"name":"Gracias"}]},{"@type":"WebSite","@id":"https:\/\/cortinasjfpr.com\/#website","url":"https:\/\/cortinasjfpr.com\/","name":"Compa\u00f1\u00eda de cortinas en Puerto Rico | Cortinas JF","description":"Cortinas JF, dedicados a la fabricaci\u00f3n e instalaci\u00f3n de cortinas, para interior y exterior. Operamos en toda la isla.  Cont\u00e1ctanos  78-79-43-72-66 y pide un estimado completamente gratis.","publisher":{"@id":"https:\/\/cortinasjfpr.com\/#organization"},"potentialAction":[{"@type":"SearchAction","target":{"@type":"EntryPoint","urlTemplate":"https:\/\/cortinasjfpr.com\/?s={search_term_string}"},"query-input":{"@type":"PropertyValueSpecification","valueRequired":true,"valueName":"search_term_string"}}],"inLanguage":"en-US"},{"@type":"Organization","@id":"https:\/\/cortinasjfpr.com\/#organization","name":"Compa\u00f1\u00eda de cortinas en Puerto Rico | Cortinas JF","url":"https:\/\/cortinasjfpr.com\/","logo":{"@type":"ImageObject","inLanguage":"en-US","@id":"https:\/\/cortinasjfpr.com\/#\/schema\/logo\/image\/","url":"https:\/\/infomediapr-websites-wp.s3.amazonaws.com\/wp-content\/uploads\/sites\/42\/2024\/11\/19172205\/cc5396_55669bfc24b149539186ca075866d810mv2.jpg","contentUrl":"https:\/\/infomediapr-websites-wp.s3.amazonaws.com\/wp-content\/uploads\/sites\/42\/2024\/11\/19172205\/cc5396_55669bfc24b149539186ca075866d810mv2.jpg","width":600,"height":115,"caption":"Compa\u00f1\u00eda de cortinas en Puerto Rico | Cortinas JF"},"image":{"@id":"https:\/\/cortinasjfpr.com\/#\/schema\/logo\/image\/"}}]}},"_links":{"self":[{"href":"https:\/\/cortinasjfpr.com\/en\/wp-json\/wp\/v2\/pages\/262","targetHints":{"allow":["GET"]}}],"collection":[{"href":"https:\/\/cortinasjfpr.com\/en\/wp-json\/wp\/v2\/pages"}],"about":[{"href":"https:\/\/cortinasjfpr.com\/en\/wp-json\/wp\/v2\/types\/page"}],"author":[{"embeddable":true,"href":"https:\/\/cortinasjfpr.com\/en\/wp-json\/wp\/v2\/users\/1"}],"replies":[{"embeddable":true,"href":"https:\/\/cortinasjfpr.com\/en\/wp-json\/wp\/v2\/comments?post=262"}],"version-history":[{"count":0,"href":"https:\/\/cortinasjfpr.com\/en\/wp-json\/wp\/v2\/pages\/262\/revisions"}],"wp:attachment":[{"href":"https:\/\/cortinasjfpr.com\/en\/wp-json\/wp\/v2\/media?parent=262"}],"curies":[{"name":"wp","href":"https:\/\/api.w.org\/{rel}","templated":true}]}}

<p>Gracias por contactarnos Nuestro equipo revisarÃ¡ tu mensaje cuidadosamente y nos pondremos en contacto contigo lo antes posible. Consultar productos</p>

<!-- This site is optimized with the Yoast SEO plugin v27.4 - https://yoast.com/product/yoast-seo-wordpress/ -->
<title>Venta de cortinas en Puerto Rico - Compañía de cortinas en Puerto Rico | Cortinas JF - Instalación y Fabricación.</title>
<meta name="description" content="En Cortinas JF estamos comprometidos con preservar tu privacidad sin dejar de lado la luminosidad que tu habitación necesita. Puerto Rico." />
<meta name="robots" content="index, follow, max-snippet:-1, max-image-preview:large, max-video-preview:-1" />
<link rel="canonical" href="https://cortinasjfpr.com/en/gracias/" />
<meta property="og:locale" content="en_US" />
<meta property="og:type" content="article" />
<meta property="og:title" content="Venta de cortinas en Puerto Rico - Compañía de cortinas en Puerto Rico | Cortinas JF - Instalación y Fabricación." />
<meta property="og:description" content="En Cortinas JF estamos comprometidos con preservar tu privacidad sin dejar de lado la luminosidad que tu habitación necesita. Puerto Rico." />
<meta property="og:url" content="https://cortinasjfpr.com/en/gracias/" />
<meta property="og:site_name" content="Compañía de cortinas en Puerto Rico | Cortinas JF" />
<meta property="article:modified_time" content="2023-11-18T23:42:24+00:00" />
<meta property="og:image" content="https://cortinasjfpr.com/wp-content/uploads/2023/11/cc5396_fa43dc02e2a948f1bf38ca358f087464mv2-1.png" />
	<meta property="og:image:width" content="619" />
	<meta property="og:image:height" content="606" />
	<meta property="og:image:type" content="image/png" />
<meta name="twitter:card" content="summary_large_image" />
<meta name="twitter:label1" content="Est. reading time" />
	<meta name="twitter:data1" content="1 minute" />
<script type="application/ld+json" class="yoast-schema-graph">{"@context":"https:\/\/schema.org","@graph":[{"@type":"WebPage","@id":"https:\/\/cortinasjfpr.com\/en\/gracias\/","url":"https:\/\/cortinasjfpr.com\/en\/gracias\/","name":"Venta de cortinas en Puerto Rico - Compañía de cortinas en Puerto Rico | Cortinas JF - Instalación y Fabricación.","isPartOf":{"@id":"https:\/\/cortinasjfpr.com\/#website"},"datePublished":"2023-11-18T23:40:17+00:00","dateModified":"2023-11-18T23:42:24+00:00","description":"En Cortinas JF estamos comprometidos con preservar tu privacidad sin dejar de lado la luminosidad que tu habitación necesita. Puerto Rico.","breadcrumb":{"@id":"https:\/\/cortinasjfpr.com\/en\/gracias\/#breadcrumb"},"inLanguage":"en-US","potentialAction":[{"@type":"ReadAction","target":["https:\/\/cortinasjfpr.com\/en\/gracias\/"]}]},{"@type":"BreadcrumbList","@id":"https:\/\/cortinasjfpr.com\/en\/gracias\/#breadcrumb","itemListElement":[{"@type":"ListItem","position":1,"name":"Home","item":"https:\/\/cortinasjfpr.com\/"},{"@type":"ListItem","position":2,"name":"Gracias"}]},{"@type":"WebSite","@id":"https:\/\/cortinasjfpr.com\/#website","url":"https:\/\/cortinasjfpr.com\/","name":"Compañía de cortinas en Puerto Rico | Cortinas JF","description":"Cortinas JF, dedicados a la fabricación e instalación de cortinas, para interior y exterior. Operamos en toda la isla.  Contáctanos  78-79-43-72-66 y pide un estimado completamente gratis.","publisher":{"@id":"https:\/\/cortinasjfpr.com\/#organization"},"potentialAction":[{"@type":"SearchAction","target":{"@type":"EntryPoint","urlTemplate":"https:\/\/cortinasjfpr.com\/?s={search_term_string}"},"query-input":{"@type":"PropertyValueSpecification","valueRequired":true,"valueName":"search_term_string"}}],"inLanguage":"en-US"},{"@type":"Organization","@id":"https:\/\/cortinasjfpr.com\/#organization","name":"Compañía de cortinas en Puerto Rico | Cortinas JF","url":"https:\/\/cortinasjfpr.com\/","logo":{"@type":"ImageObject","inLanguage":"en-US","@id":"https:\/\/cortinasjfpr.com\/#\/schema\/logo\/image\/","url":"https:\/\/infomediapr-websites-wp.s3.amazonaws.com\/wp-content\/uploads\/sites\/42\/2024\/11\/19172205\/cc5396_55669bfc24b149539186ca075866d810mv2.jpg","contentUrl":"https:\/\/infomediapr-websites-wp.s3.amazonaws.com\/wp-content\/uploads\/sites\/42\/2024\/11\/19172205\/cc5396_55669bfc24b149539186ca075866d810mv2.jpg","width":600,"height":115,"caption":"Compañía de cortinas en Puerto Rico | Cortinas JF"},"image":{"@id":"https:\/\/cortinasjfpr.com\/#\/schema\/logo\/image\/"}}]}</script>
<!-- / Yoast SEO plugin. -->

Venta de cortinas en Puerto Rico - Compañía de cortinas en Puerto Rico | Cortinas JF - Instalación y Fabricación.

En Cortinas JF estamos comprometidos con preservar tu privacidad sin dejar de lado la luminosidad que tu habitación necesita. Puerto Rico.

Compañía de cortinas en Puerto Rico | Cortinas JF

Cortinas JF, dedicados a la fabricación e instalación de cortinas, para interior y exterior. Operamos en toda la isla.  Contáctanos  78-79-43-72-66 y pide un estimado completamente gratis.
